{"id":43,"date":"2013-07-26T22:57:55","date_gmt":"2013-07-26T20:57:55","guid":{"rendered":"http:\/\/themes.kadencethemes.com\/virtue\/?page_id=43"},"modified":"2020-07-16T09:58:09","modified_gmt":"2020-07-16T07:58:09","slug":"projects","status":"publish","type":"page","link":"https:\/\/www.johannes-janssen.com\/agrar\/projects\/","title":{"rendered":"Dienstleistungen"},"content":{"rendered":"<div id=\"pl-43\"  class=\"panel-layout\" ><div id=\"pg-43-0\"  class=\"panel-grid panel-has-style\" ><div class=\"panel-row-style panel-row-style-for-43-0\" ><div id=\"pgc-43-0-0\"  class=\"panel-grid-cell\" ><div id=\"panel-43-0-0-0\" class=\"so-panel widget widget_text panel-first-child panel-last-child\" data-index=\"0\" ><h3 class=\"widget-title\">Erfahren. Pr\u00e4zise. Zuverl\u00e4ssig.<\/h3>\t\t\t<div class=\"textwidget\"><p>Als erfahrenes Lohnunternehmen bieten wir Ihnen ein breites Dienstleistungsspektrum an landwirtschaftlichen Lohnarbeiten, Erd-, Bagger- &amp; Abbrucharbeiten und Kommunalarbeiten.<\/p>\n<p>Zu unserem Angebot z\u00e4hlt auch die Vermittlung, Aufnahme und Abgabe von Wirtschaftsd\u00fcnger und der Handel mit D\u00fcnger, Saatgut und Silage.<\/p>\n<\/div>\n\t\t<\/div><\/div><\/div><\/div><div id=\"pg-43-1\"  class=\"panel-grid panel-has-style\" ><div class=\"panel-row-style panel-row-style-for-43-1\" ><div id=\"pgc-43-1-0\"  class=\"panel-grid-cell\" ><div id=\"panel-43-1-0-0\" class=\"so-panel widget widget_media_image panel-first-child panel-last-child\" data-index=\"1\" ><img loading=\"lazy\" decoding=\"async\" width=\"298\" height=\"299\" src=\"https:\/\/www.johannes-janssen.com\/agrar\/wp-content\/uploads\/sites\/2\/2018\/03\/morderner_fuhrpark.png\" class=\"image wp-image-1405  attachment-full size-full\" alt=\"Maschinen Landwirtschaft lohnunternehmen\" style=\"max-width: 100%; height: auto;\" srcset=\"https:\/\/www.johannes-janssen.com\/agrar\/wp-content\/uploads\/sites\/2\/2018\/03\/morderner_fuhrpark.png 298w, https:\/\/www.johannes-janssen.com\/agrar\/wp-content\/uploads\/sites\/2\/2018\/03\/morderner_fuhrpark-150x150.png 150w\" sizes=\"(max-width: 298px) 100vw, 298px\" \/><\/div><\/div><div id=\"pgc-43-1-1\"  class=\"panel-grid-cell\" ><div id=\"panel-43-1-1-0\" class=\"so-panel widget widget_text panel-first-child panel-last-child\" data-index=\"2\" ><h3 class=\"widget-title\">MASCHINENPARK<\/h3>\t\t\t<div class=\"textwidget\"><p>4 H\u00e4cksler 10-12 Reihen + Gras-Pickup + Direktscheidwerk<\/p>\n<p>3 Drescher 6-7,3 m<\/p>\n<p>4 Ladewagen 45 cbm<\/p>\n<p>8 Dosier 37,5-65 cbm<\/p>\n<p>7 Kipper inkl. Sanddumper<\/p>\n<p>3 Gro\u00dffl\u00e4chenschwader 2&#215;4 Kreisel, 1&#215;2 Kreisel<\/p>\n<p>2 Vierkantpressen 70-120 cm<\/p>\n<p>3 Rundballenpressen, davon 2 Wickelkombis<\/p>\n<p>2 Spritzen, Selbstfahrer 36 m + Schleppergespann 24 m<\/p>\n<p>7 Radlader 2,5-17 to<\/p>\n<p>4 Duport Liquiliser<\/p>\n<p>2 Vredos (Scheibenegge \/ Schleppschuh \/ Grubber \/ Schlitzer)<\/p>\n<p>2 G\u00fcllef\u00e4sser 20cbm (Schleppschlauch \/ Schlitzer)<\/p>\n<p>4 Maisdrillen\u00a02x Normal 75cm Fest \/ Fl\u00fcssig, 1x 6 m mit Kreiselegge, 1x 3m Engsaat + Kreiselegge<\/p>\n<p>1 Pflug 6-Schar + Packer<\/p>\n<p>1 Pneumatische Bestellkombination 3m<\/p>\n<p>1 Durchsaatmaschine Vredo + Frontstriegel 5,8 m<\/p>\n<p>2 Mist- \/ Kalkstreuer 24 to<\/p>\n<p>2 Big M 9,60 m Krone Selbstfahrer<\/p>\n<p>20 Schlepper 130-380 PS<\/p>\n<p>3 Radbagger 14-18 to<\/p>\n<p>7 Kettenbagger 800 kg, 1,8 to, 3 to, 10 to, 21 to<\/p>\n<p>3 G\u00fclleauflieger inkl. Zugmaschinen<\/p>\n<p>2 G\u00fcllecontainer 45 + 65 cbm<\/p>\n<p>1 Container LKW<\/p>\n<p>1 Auslegemulcher bis 7,5 m<\/p>\n<p>1 Futtermischwagen<\/p>\n<p>diverse Kleinteile f\u00fcr Anbauger\u00e4te<\/p>\n<\/div>\n\t\t<\/div><\/div><\/div><\/div><\/div>","protected":false},"excerpt":{"rendered":"<p>Als erfahrenes Lohnunternehmen bieten wir Ihnen ein breites Dienstleistungsspektrum an landwirtschaftlichen Lohnarbeiten, Erd-, Bagger- &amp; Abbrucharbeiten und Kommunalarbeiten. Zu unserem Angebot z\u00e4hlt auch die Vermittlung, Aufnahme und Abgabe von Wirtschaftsd\u00fcnger und der Handel mit D\u00fcnger, Saatgut und Silage. 4 H\u00e4cksler &hellip; <a href=\"https:\/\/www.johannes-janssen.com\/agrar\/projects\/\">Weiter<\/a><\/p>\n","protected":false},"author":1,"featured_media":0,"parent":0,"menu_order":2,"comment_status":"open","ping_status":"closed","template":"page-portfolio.php","meta":{"kt_blocks_editor_width":"","footnotes":""},"class_list":["post-43","page","type-page","status-publish","hentry"],"_links":{"self":[{"href":"https:\/\/www.johannes-janssen.com\/agrar\/wp-json\/wp\/v2\/pages\/43"}],"collection":[{"href":"https:\/\/www.johannes-janssen.com\/agrar\/wp-json\/wp\/v2\/pages"}],"about":[{"href":"https:\/\/www.johannes-janssen.com\/agrar\/wp-json\/wp\/v2\/types\/page"}],"author":[{"embeddable":true,"href":"https:\/\/www.johannes-janssen.com\/agrar\/wp-json\/wp\/v2\/users\/1"}],"replies":[{"embeddable":true,"href":"https:\/\/www.johannes-janssen.com\/agrar\/wp-json\/wp\/v2\/comments?post=43"}],"version-history":[{"count":10,"href":"https:\/\/www.johannes-janssen.com\/agrar\/wp-json\/wp\/v2\/pages\/43\/revisions"}],"predecessor-version":[{"id":1988,"href":"https:\/\/www.johannes-janssen.com\/agrar\/wp-json\/wp\/v2\/pages\/43\/revisions\/1988"}],"wp:attachment":[{"href":"https:\/\/www.johannes-janssen.com\/agrar\/wp-json\/wp\/v2\/media?parent=43"}],"curies":[{"name":"wp","href":"https:\/\/api.w.org\/{rel}","templated":true}]}}